What is a(55)?
-13
Let d(w) = w**3 - 72*w**2 - 61*w - 888. Calculate d(73).
-12
Let t(v) = 2*v + 301. Calculate t(6).
313
Let r(c) = -88*c**2 + 865*c + 154. What is r(10)?
4
Let s(p) = p**2 + 36*p - 2. Calculate s(-28).
-226
Let u(f) = f**3 - 10*f**2 - 16*f + 23. Give u(11).
-32
Let g(y) = -y**3 + 12*y**2 + 13*y - 28. Determine g(6).
266
Let s(d) = 2*d**3 - 22*d**2 - 24*d - 19. Calculate s(12).
-19
Let x(o) = -3*o**3 - 470*o**2 + 155*o - 321. Calculate x(-157).
-7
Let f(k) = -2*k**3 + 19*k**2 - 16*k + 111. Determine f(9).
48
Let f(s) = -3*s**2 + 51*s + 78. Give f(19).
-36
Let o(c) = 23*c + 149. Give o(-16).
-219
Let l(i) = 39*i - 2894. Give l(74).
-8
Let g(a) = -a**3 + 16*a**2 - 17*a - 21. What is g(14)?
133
Let p(l) = l**2 + 26*l + 148. Give p(-21).
43
Let u(z) = 2*z**2 - 12*z + 24. What is u(2)?
8
Let a(n) = -21*n**2 + 4328*n - 395. What is a(206)?
17
Let j(h) = -9*h**2 + 42*h - 34. What is j(4)?
-10
Let b(n) = -n**2 - 87*n - 268. Determine b(-84).
-16
Let d(p) = 288*p - 30805. What is d(107)?
11
Let j(b) = 148*b + 170. What is j(-1)?
22
Let c(f) = 6*f**2 - 240*f + 36. Calculate c(40).
36
Let g(l) = -l**2 - 123*l + 1053. Calculate g(-131).
5
Let h(c) = -c**3 + 12*c**2 + 34*c + 163. Calculate h(15).
-2
Let z(y) = 4*y**2 + 225*y + 476. Determine z(-54).
-10
Let l(b) = 5*b + 76. Give l(-6).
46
Let u(m) = -m**2 - 28*m - 131. Calculate u(-5).
-16
Let n(i) = -i**2 - 16*i + 153. Determine n(-25).
-72
Let f(g) = -g**2 + 43*g - 247. Determine f(39).
-91
Let s(t) = t**3 - 5*t**2 + 20*t + 3. What is s(8)?
355
Let c(g) = -3*g**3 - 168*g**2 - 169*g - 232. Determine c(-55).
-12
Let t(m) = -18*m - 400. Give t(-19).
-58
Let y(a) = -9*a - 523. Give y(-27).
-280
Let i(b) = b**2 + 7*b - 1045. Determine i(29).
-1
Let o(v) = 32*v - 2469. What is o(70)?
-229
Let m(t) = -t**2 - 500*t - 3945. Determine m(-8).
-9
Let t(u) = 5*u**2 + 77*u + 237. Give t(-9).
-51
Let n(p) = -15*p**2 + 56*p - 23. What is n(6)?
-227
Let w(c) = 611*c + 22009. Calculate w(-36).
13
Let w(v) = 2*v**2 - 105*v + 9. Give w(0).
9
Let j(t) = -t**2 + 370*t + 6973. Determine j(-18).
-11
Let b(p) = -p**3 - 11*p**2 + 27*p - 14. Calculate b(-13).
-27
Let t(w) = w**3 - 6*w**2 - 8*w + 59. Calculate t(4).
-5
Let k(l) = l**3 - 2*l**2 + 7*l - 32. What is k(3)?
-2
Let v(b) = -b**2 + 21*b - 52. Calculate v(6).
38
Let h(i) = -4*i**2 + 15*i + 4. Give h(10).
-246
Let u(x) = 2*x**2 - 53*x + 155. What is u(3)?
14
Let c(x) = 8*x + 373. Determine c(-31).
125
Let o(j) = j**2 - 2090*j + 2090. Calculate o(1).
1
Let i(y) = -308*y + 1325. Calculate i(5).
-215
Let f(t) = -51*t + 1670. Calculate f(38).
-268
Let l(w) = -w**3 + 3*w**2 + 9*w - 133. Calculate l(6).
-187
Let j(f) = 9*f - 40. What is j(3)?
-13
Let m(y) = -14*y**2 - 2474*y + 709. Give m(-177).
1
Let k(m) = -35*m - 2070. What is k(-59)?
-5
Let o(p) = -p**2 - 11*p + 22. What is o(-6)?
52
Let x(i) = -28*i + 63. Calculate x(-5).
203
Let u(t) = t**2 + t - 90. Give u(0).
-90
Let i(v) = -v**2 - 34*v + 69. What is i(0)?
69
Let t(j) = j**3 - 3*j**2 - 8*j + 17. What is t(5)?
27
Let s(d) = -76*d**2 - 1898*d + 53. Calculate s(-25).
3
Let o(x) = -2*x**3 - x**2 - 9*x - 16. Give o(-3).
56
Let g(z) = 2*z**3 - 53*z**2 - 250*z - 8. Calculate g(-4).
16
Let z(b) = 3*b**2 - 29*b + 24. What is z(9)?
6
Let a(b) = -2*b**3 + 113*b**2 - 57*b + 62. What is a(56)?
6
Let i(r) = -r**2 + 23*r - 4. What is i(23)?
-4
Let a(m) = m**3 + 120*m**2 + 1291*m - 540. Determine a(-108).
0
Let o(b) = -b**3 - 29*b**2 - 199*b + 143. Calculate o(-16).
-1
Let p(n) = -442*n + 22. Give p(1).
-420
Let l(j) = -37*j + 41. Determine l(-6).
263
Let m(l) = -60*l + 2416. Calculate m(39).
76
Let y(x) = x**2 - 1843*x - 9232. Calculate y(-5).
8
Let f(s) = 29*s - 912. Determine f(30).
-42
Let k(y) = 414*y - 1242. Determine k(3).
0
Let t(y) = 26*y**2 + 8*y + 15. Determine t(-3).
225
Let y(o) = -5*o**2 + 61*o + 105. Determine y(14).
-21
Let a(o) = -o**2 + 17*o + 232. Determine a(-10).
-38
Let f(c) = -c**3 - 41*c**2 + 146*c + 5920. Give f(-41).
-66
Let f(q) = q**3 + 6*q**2 - 4*q - 78. Determine f(-6).
-54
Let j(p) = 14*p + 10. Determine j(-1).
-4
Let n(b) = 554*b + 18246. What is n(-33)?
-36
Let a(o) = 627*o + 1941. Determine a(-3).
60
Let z(n) = 9*n - 37. What is z(18)?
125
Let b(s) = 256*s - 3072. Determine b(12).
0
Let j(d) = -2*d**3 + 19*d**2 - 4*d - 24. Calculate j(8).
136
Let b(d) = -d**3 - 59*d**2 - 111*d + 81. Give b(-57).
-90
Let o(k) = -1074*k + 1069. What is o(1)?
-5
Let h(q) = 25*q**2 + 721*q - 57. Give h(-29).
59
Let v(q) = 20*q**2 - 352*q + 44. Determine v(19).
576
Let z(y) = 7*y + 198. Give z(-34).
-40
Let c(p) = 2*p**2 - 17*p + 127. What is c(7)?
106
Let b(z) = 37*z - 593. What is b(16)?
-1
Let j(c) = -c**3 + 55*c**2 - 45*c - 505. Determine j(54).
-19
Let a(b) = 3*b**2 - 201*b + 1642. Give a(9).
76
Let m(d) = -d**2 + 23*d + 1649. Give m(-31).
-25
Let n(j) = 5*j**3 - 2*j**2 + 8*j - 9. Determine n(-4).
-393
Let a(f) = 2*f**2 + 1846*f - 3689. Give a(2).
11
Let y(w) = -2*w**3 - 6*w**2 + 14*w + 13. Give y(-7).
307
Let k(u) = -9*u + 107. Calculate k(30).
-163
Let i(r) = -50*r**3 + r + 2. What is i(-1)?
51
Let b(w) = -w**3 - 61*w**2 - 176*w - 143. Determine b(-58).
-27
Let c(w) = -111*w - 2541. Determine c(-23).
12
Let q(a) = 5*a**2 - 42*a + 81. Determine q(4).
-7
Let y(h) = -h**2 + 1359. Determine y(-37).
-10
Let l(o) = 53*o**3 + o**2 + 3*o + 2. Determine l(-1).
-53
Let z(i) = -5*i**2 + 149*i + 312. Calculate z(-2).
-6
Let q(c) = c**3 - 4*c**2 - 4*c - 36. What is q(6)?
12
Let l(i) = i**3 + 4*i**2 - 9*i - 1. Determine l(-5).
19
Let v(u) = 7*u - 5. Determine v(-3).
-26
Let x(c) = c**2 + 38*c + 355. Determine x(-20).
-5
Let n(m) = 2*m**3 - 24*m**2 - 120*m + 1231. Determine n(13).
9
Let n(s) = -7*s**3 - 79*s**2 - 13*s + 33. Calculate n(-11).
-66
Let b(g) = g**3 - 7*g**2 - 68*g + 208. Calculate b(3).
-32
Let m(p) = -395*p**3 + 121*p**2 + 121*p. What is m(-1)?
395
Let i(c) = -3*c**2 + 57*c + 1415. Calculate i(33).
29
Let w(m) = -2*m**3 - 174*m**2 - 193*m - 20. Calculate w(-1).
1
Let a(m) = -8*m**2 - 7. Determine a(2).
-39
Let d(h) = -h**3 + 8*h**2 + 12*h - 49. What is d(5)?
86
Let a(h) = 11*h**2 - 217*h + 35. Determine a(19).
-117
Let l(h) = -2385*h - 42926. What is l(-18)?
4
Let a(x) = 2*x - 245. Determine a(-21).
-287
Let i(o) = -o**2 + 14*o + 281. What is i(24)?
41
Let p(u) = 12*u + 617. Calculate p(-62).
-127
Let r(w) = -w**2 - 139*w - 2779. What is r(-115)?
-19
Let o(h) = 59*h - 8861. What is o(152)?
107
Let s(b) = -13*b**3 + 2*b**2 + b + 3. What is s(-2)?
113
Let t(u) = -u**3 - u**2 + 3*u - 2. What is t(0)?
-2
Let c(b) = -3*b**2 - 46*b - 157. Give c(-8).
19
Let b(j) = -458*j**2 + j - 2. Give b(-1).
-461
Let u(x) = 2*x**3 + 11*x**2 - 3*x - 46. What is u(2)?
8
Let j(f) = -466*f - 3262. Calculate j(-7).
0
Let u(y) = 12*y - 1052. Give u(90).
28
Let t(b) = -8*b**2 + 25458*b - 25456. Give t(1).
-6
Let y(d) = -415*d - 3. What is y(0)?
-3
Let s(m) = -81*m - 538. Give s(-7).
29
Let u(y) = 10*y - 208. Give u(22).
12
Let a(q) = -11558*q + 69347. Calculate a(6).
-1
Let m(a) = -11*a**2 + 34*a - 358. Determine m(8).
-790
Let r(y) = -12*y - 41. Calculate r(-16).
151
Let p(l) = -l**3 + 26*l**2 - 68*l + 1763. Determine p(26).
-5
Let n(c) = -4*c**2 + 28*c - 42. Determine n(5).
-2
Let o(a) = -11*a**2 + 73*a - 5. Determine o(4).
111
Let n(z) = z**3 + 12*z**2 + 15*z. Give n(-1).
-4
Let c(o) = -o**3 + 27*o**2 - 113*o + 52. Give c(22).
-14
Let u(k) = k**2 - 170*k + 2453. What is u(16)?
-11
Let l(f) = -2*f**3 + 4*f**2 - f + 1. What is l(3)?
-20
Let h(t) = 86*t - 766. Calculate h(9).
8
Let z(u) = -3*u**2 - 149*u - 368. Calculate z(-47).
8
Let y(z) = z**3 + 10*z**2 + 50*z + 413. Determine y(-10).
-87
Let p(i) = 3*i**2 - 3*i + 29. Give p(4).
65
Let m(t) = -t**3 - 12*t**2 + 49*t + 160. Calculate m(-14).
-134
Let r(m) = 8619*m - 51704. Calculate r(6).
10
Let p(g) = -2*g**3 - 10*g**2 - 17*g + 1. Determine p(-7).
316
Let y(o) = -o**2 + 6*o - 6. Give y(10).
-46
Let v(x) = -14*x**2 + 629*x + 38. Give v(45).
-7
Let h(w) = 10*w**3 - 32*w**2 + 9*w - 20. Calculate h(3).
-11
Let m(f) = -20*f**2 - 54*f + 223. Give m(-5).
-7
Let l(f) = -704*f - 1386. What is l(-2)?
22
Let r(x) = -x**3 - 29*x**2 - 53*x + 67. Determine r(-27).
40
Let z(n) = 2*n + 53. Give z(-29).
-5
Let a(c) = 3*c**3 - 3*c**2 + 3*c - 5. Determine a(-5).
-470
Let a(v) = v**3 - 57*v**2